site?
True
Let t = 16087 + 14956. Is t a composite number?
True
Suppose 424 = 2*v - 4*g, 0*v - g = -2*v + 427. Is v a prime number?
False
Let a(h) be the first derivative of h**2/2 - h - 4. Let f be a(5). Suppose 27 = r - f. Is r prime?
True
Let r(p) = 1074*p - 163. Is r(7) prime?
False
Let p(k) = -k**3 - 7*k**2 + 8*k + 6. Suppose 5*u + 0 + 40 = 0. Let n be p(u). Let z(y) = y**3 - 4*y**2 - 2*y + 7. Is z(n) a prime number?
True
Let o(m) be the first derivative of -15*m**4/2 - m**2 + 4*m - 5. Let f(s) = -10*s**3 - s + 1. Let x(v) = -11*f(v) + 4*o(v). Is x(-2) a composite number?
False
Suppose -3*w - 24249 = -4*d + 58969, d - 20801 = -w. Is d prime?
False
Let d(j) = 2*j - 7. Let u be d(6). Suppose -20 = -u*c + 5*n, 4*n - 7*n + 4 = 5*c. Suppose c*r - 524 = -2*r. Is r a prime number?
True
Suppose 4*u = -0*u - 204. Let i be 7 + -6 + -4 - -6. Is u*((-12)/(-9) - i) composite?
True
Let x be (40/4)/2 - 4626. Is (-8 + 4)/(4/x) a composite number?
False
Let m(a) = a**3 - 10*a**2 - 25*a + 29. Is m(13) composite?
False
Let x(d) = -6*d + 377. Let o(u) = 31*u - 1884. Let i(g) = 2*o(g) + 11*x(g). Is i(0) a prime number?
True
Suppose -8*k = -3*k - 15. Suppose 0*m + 3*m + 32 = 2*t, -k*t = -5*m - 46. Suppose 0 = g - t - 37. Is g a prime number?
True
Let y(g) = g**2 + g + 97. Let j be y(0). Let a = j + -35. Is a a prime number?
False
Suppose -4*j - 5*d = -2975, j = -4*j - d + 3724. Is j a composite number?
True
Suppose 2*t = t. Let n(b) = -b**2 - b + 2. Let p be n(t). Suppose l - 313 = -p*l - 4*u, 2*u = -2*l + 212. Is l a prime number?
False
Is (2/2)/(-18 - (-802986)/44610) a composite number?
True
Let m = -6 - -8. Suppose -s = 3*q - 4*s + 12, 6 = -5*q - m*s. Is (-4)/q + (263 - 2) composite?
False
Let z be 0/(3 - 4 - -3). Let o be 1/(4/20 + z). Suppose -o*x - f + 5*f + 807 = 0, -2*f = 3*x - 493. Is x composite?
False
Suppose 2*l + 1050 = -2*m, 0*l - 4*m = -2*l - 1032. Let t = l - -2735. Is t a prime number?
True
Suppose 53 + 22 = 5*o. Suppose 3*y - o = -2*y. Is y a composite number?
False
Let t(d) = -4 + 5*d**2 - 1 + d + 6*d. Let f be t(-8). Suppose 28 = -3*p + f. Is p a composite number?
True
Is 10754/9 + 87/783 a composite number?
True
Let w be 8 + 2 - (-4)/(-4). Let d(y) = y + 1. Let a be d(w). Let x(l) = l**2 + 8*l + 14. Is x(a) prime?
False
Suppose -z = -4*y + 2 - 7, -z + 5 = 5*y. Suppose -3*a - 5*s + 2886 = 0, 0 = -y*s + 3*s + 9. Is a composite?
False
Suppose u = 5*u - 8088. Suppose -6*x = -0*x - u. Is x a prime number?
True
Let x(i) = -523*i + 337. Is x(-42) composite?
False
Suppose -3049 = 5*x - 6*x - 4*q, -3*x - 4*q + 9131 = 0. Is x a prime number?
True
Let g = 20 + -15. Suppose 4*s - 3*z - 3701 = 2*z, g*z - 894 = -s. Is s composite?
False
Let c(u) = -2*u + 4. Let o be c(-2). Let s(w) = -w**2 + 7*w + 4. Let d be s(o). Is (-24)/36*1398/d a prime number?
True
Suppose 68419 - 351950 = -79*s. Is s prime?
False
Let i(g) = -7*g + 113. Is i(6) composite?
False
Let x = 24927 - 6290. Is x prime?
True
Let s(a) = 3*a**2 - 103*a - 101. Is s(55) a composite number?
True
Let n be 2/(-9) + 6/108*-86. Let v(t) be the third derivative of t**6/120 + 2*t**5/15 + 7*t**4/24 + t**3/2 + 2*t**2. Is v(n) a prime number?
True
Let k(c) = c**2 + 8*c + 9. Let j be k(-7). Suppose -13 = -j*i - 1. Is ((-153)/(-6))/(3/i) composite?
True
Suppose -4*h - 2*a + 4*a = 2072, 4*h + 2056 = -2*a. Let i = h - -910. Is i prime?
False
Let q = -4609 + 1405. Let o be ((-1)/3)/(4/q). Let i = o + -152. Is i composite?
True
Suppose -2*v - r + 4953 = 0, 7*v + 5*r - 15885 = 1443. Is v a prime number?
False
Suppose -2*j = -31 - 21. Let q = -8 - j. Let u = q - -48. Is u a prime number?
False
Let b(j) = j**2 + 10*j + 10. Let g be b(-9). Let k be 3*(-2 + 0 + g). Let m(v) = -2*v**3 + 3*v**2 - 3*v + 3. Is m(k) a composite number?
True
Suppose -9 = -5*q + 6, 3*s + 2*q + 3096 = 0. Is (29/(-2))/(11/s) prime?
False
Is (-192 + -31)/((-1)/13) prime?
False
Is 18/6*-1 + (12305 - -9) prime?
False
Let z(j) be the second derivative of j**5/20 + 17*j**4/12 - 7*j**2/2 - 6*j. Let w be z(-17). Is ((-11)/(-2))/(w/(-98)) a composite number?
True
Is (-33)/2*-2174*7/21 a prime number?
False
Suppose 4*n + 65 = -r - 0*r, 4*r = -2*n - 218. Let d = 105 - r. Is d a prime number?
False
Let l(f) = 141*f**2 + 291 - 100 - 142*f**2. Is l(0) a prime number?
True
Let b = -1 - -5. Suppose -7*q + 18 = -b*q. Suppose 9*s - 111 = q*s. Is s prime?
True
Let a = -22724 + 38413. Is a prime?
False
Let w = 266 + -220. Is w prime?
False
Let k be 18*((-32)/(-12) + -2). Is (k/4 - 0) + (-348)/(-3) a prime number?
False
Let b(r) = 3*r**2 - 2*r + 17. Let d be b(4). Let p = 268 - d. Is p prime?
True
Suppose x + l + 1 = -2*l, 5*x + 4*l - 17 = 0. Suppose x*c - 1492 = c. Is c a composite number?
False
Let r(p) = 7*p**2 + 15*p + 1. Suppose 9 - 1 = -g. Let f = g - 3. Is r(f) composite?
False
Suppose -4*b + 114264 = -25*o + 29*o, -3*b - 28550 = -o. Is o a prime number?
False
Let x = -42 - -260. Let b be (-69511)/(-91) + 2/14. Suppose 2*v + x - 27 = n, -4*n + b = 3*v. Is n prime?
True
Let o be -5 - (-31)/2 - (-2)/(-4). Is 0 - (15/(-25) - 11224/o) a composite number?
False
Suppose -4*z - h + 5420 = 0, -z - 2*h = -0*h - 1362. Is z a prime number?
False
Suppose -5*g + 0 = 10. Let k(u) be the second derivative of 33*u**4/4 - u**3/6 - u**2/2 - 3*u. Is k(g) a composite number?
False
Let t(s) = 26*s**2 + 5*s - 5. Let k be t(5). Suppose 0*h - 2*h + 2*c = -698, 0 = 2*h + 5*c - k. Suppose -3*w = 2*w - h. Is w prime?
False
Suppose 2*u + 0*y - 254 = 2*y, -623 = -5*u + 2*y. Let j = 4 + u. Is j composite?
False
Suppose 0 = -5*c - 5*t, 2*c + 1 = -3*t - 0. Is -8 - (-11 - -4) - (-420)/c composite?
False
Let i(u) = -966*u + 97. Is i(-9) composite?
True
Let c(y) = 9*y + 38. Let r be c(-18). Let v = 37 - r. Is v a prime number?
False
Suppose 3*y - 593 - 692 = -5*v, -1723 = -4*y + 3*v. Suppose -3*j = -1013 - y. Is j prime?
False
Let w be 2/(-11) - 72812/44. Let a = -600 - w. Is a a prime number?
False
Let u be (-4)/4 - 2 - (-2921)/1. Suppose -b + u = b. Is b a composite number?
False
Let a(u) = -49*u + 11777. Is a(0) a composite number?
False
Suppose 5*r - 2*r - 10980 = 0. Suppose 4*s - r = 1688. Is s composite?
True
Let k(w) = 15*w**3 + w**2 + 3. Let b be k(4). Let c = b + -676. Is c prime?
False
Let a(r) = r**2 - 6*r + 13. Let v be a(7). Suppose -19*w = -v*w + 2605. Is w composite?
True
Let f(l) = 4*l**2 + 3*l - 6. Let u = 8 + -21. Is f(u) prime?
True
Suppose 80 = -2*z - 98. Let b = 762 - z. Is b composite?
True
Let r(v) = 310*v**2 - 25*v - 113. Is r(16) prime?
False
Suppose 0 = -4*r + 11439 + 5353. Is r/18 - (-12)/(-54) a composite number?
False
Let j = 151 + -604. Let o = j - -712. Is o a composite number?
True
Suppose -4*r + 508 = 4*m, -4*m + 5*r + 392 + 107 = 0. Let y = 197 - m. Is y composite?
False
Suppose 4*o - 25 = -z + 61, -6 = -3*o. Let g(p) = z*p**2 + 3*p - 2*p - 6*p + 4*p. Is g(1) prime?
False
Let h be 4 - 3/(15/10). Is (-20)/(-30)*1893/h a prime number?
True
Let j be 4/(-14) - 122/14. Let l be j/(-3) + -4 - -5. Suppose -r = h - 146, 2*r = l*h - 52 + 362. Is r a composite number?
False
Let j = 20 - 13. Let h(b) = -23*b + 10. Let i be h(-6). Suppose j*v - 11*v = -i. Is v a composite number?
False
Is 5 - (106308/(-8))/((-6)/(-8)) a prime number?
False
Let w(q) = -25*q - 10. Suppose 0 = 5*c - 5*b + 15, 2*b + 13 = -2*c - 1. Is w(c) a composite number?
True
Let r = -5807 - -11434. Is r prime?
False
Let l = -39345 + 168506. Is l a prime number?
False
Suppose 5*j = 25, -4*j - 11549 = 5*v - 4169. Let p = 2365 + v. Suppose -n = -z + p, -n - 3*n + 4443 = 5*z. Is z composite?
False
Let w(l) = -40*l**3 - 4*l**2 - 29. Is w(-6) prime?
True
Let l be (-38)/6 - (-1)/3. Suppose -4*q + 1 = 5*m - 17, 3*q - 2 = 2*m. Is q + 684 - (-6)/l prime?
False
Let z(v) = v - 1. Let j be z(-5). Let q be (-72)/(-30) - j/(-15). Suppose -2*y = -10, q*o - 127 = -2*y + 37. Is o prime?
False
Let l = 298 + -209. Is l a composite number?
False
Suppose -11*m + 5208 = -3*m. Suppose 4*y + 19 = m. Is y composite?
True
Let t(y) = 139*y - 105. Is t(22) a composite number?
False
Suppose 0 = -76*u + 71*u + 69455. Is u a prime number?
False
Let y = 92 + 1011. Let o = 48 + y. Is o prime?
True
Let h = -5 + 8. Suppose -2*y + 27 = h. Let o(p) = p**3 - 12*p**2 + 6*p + 11. Is o(y) composite?
False
Let h(d) be the first deriv